Dec 03 18:39:56.904 INFO testing base64-stream-1.0.3 against master#8940af3cea4a9a9deabcaf843b2f8cad9a83fc61 for beta-1.31-5
Dec 03 18:39:56.904 INFO running `"docker" "create" "-v" "/mnt/big/crater/work/local/target-dirs/beta-1.31-5/worker-5/master#8940af3cea4a9a9deabcaf843b2f8cad9a83fc61:/target:rw,Z" "-v" "/mnt/big/crater/work/local/test-source/worker-5/beta-1.31-5/master#8940af3cea4a9a9deabcaf843b2f8cad9a83fc61:/source:ro,Z" "-v" "/mnt/big/crater/work/local/cargo-home:/cargo-home:ro,Z" "-v" "/mnt/big/crater/work/local/rustup-home:/rustup-home:ro,Z" "-e" "USER_ID=1000" "-e" "SOURCE_DIR=/source" "-e" "USER_ID=1000" "-e" "CMD=cargo +8940af3cea4a9a9deabcaf843b2f8cad9a83fc61-alt build --frozen" "-e" "CARGO_TARGET_DIR=/target" "-e" "CARGO_INCREMENTAL=0" "-e" "RUST_BACKTRACE=full" "-e" "RUSTFLAGS=--cap-lints=warn" "-e" "CARGO_HOME=/cargo-home" "-e" "RUSTUP_HOME=/rustup-home" "-m" "1536M" "--network" "none" "crater"`
Dec 03 18:39:57.351 INFO [stdout] cf6fdb20b54ae4829f1dabd6e73b6ab30b437f1aabe5f9b877c277a35542fe03
Dec 03 18:39:57.363 INFO running `"docker" "start" "-a" "cf6fdb20b54ae4829f1dabd6e73b6ab30b437f1aabe5f9b877c277a35542fe03"`
Dec 03 18:39:58.479 INFO [stderr] usermod: no changes
Dec 03 18:39:58.543 INFO [stderr]    Compiling base64-stream v1.0.3 (/source)
Dec 03 18:39:59.546 INFO [stderr]     Finished dev [unoptimized + debuginfo] target(s) in 1.04s
Dec 03 18:39:59.550 INFO [stderr] su: No module specific data is present
Dec 03 18:40:00.393 INFO running `"docker" "inspect" "cf6fdb20b54ae4829f1dabd6e73b6ab30b437f1aabe5f9b877c277a35542fe03"`
Dec 03 18:40:00.677 INFO running `"docker" "rm" "-f" "cf6fdb20b54ae4829f1dabd6e73b6ab30b437f1aabe5f9b877c277a35542fe03"`
Dec 03 18:40:01.011 INFO [stdout] cf6fdb20b54ae4829f1dabd6e73b6ab30b437f1aabe5f9b877c277a35542fe03
Dec 03 18:40:01.019 INFO running `"docker" "create" "-v" "/mnt/big/crater/work/local/target-dirs/beta-1.31-5/worker-5/master#8940af3cea4a9a9deabcaf843b2f8cad9a83fc61:/target:rw,Z" "-v" "/mnt/big/crater/work/local/test-source/worker-5/beta-1.31-5/master#8940af3cea4a9a9deabcaf843b2f8cad9a83fc61:/source:ro,Z" "-v" "/mnt/big/crater/work/local/cargo-home:/cargo-home:ro,Z" "-v" "/mnt/big/crater/work/local/rustup-home:/rustup-home:ro,Z" "-e" "USER_ID=1000" "-e" "SOURCE_DIR=/source" "-e" "USER_ID=1000" "-e" "CMD=cargo +8940af3cea4a9a9deabcaf843b2f8cad9a83fc61-alt test --frozen --no-run" "-e" "CARGO_TARGET_DIR=/target" "-e" "CARGO_INCREMENTAL=0" "-e" "RUST_BACKTRACE=full" "-e" "RUSTFLAGS=--cap-lints=warn" "-e" "CARGO_HOME=/cargo-home" "-e" "RUSTUP_HOME=/rustup-home" "-m" "1536M" "--network" "none" "crater"`
Dec 03 18:40:01.372 INFO [stdout] be01eeac3397d671a4cf3076d0de9ba6007ffc401c8303910a76ec3d3894021c
Dec 03 18:40:01.375 INFO running `"docker" "start" "-a" "be01eeac3397d671a4cf3076d0de9ba6007ffc401c8303910a76ec3d3894021c"`
Dec 03 18:40:02.884 INFO [stderr] usermod: no changes
Dec 03 18:40:02.971 INFO [stderr]    Compiling base64-stream v1.0.3 (/source)
Dec 03 18:40:08.659 INFO [stderr]     Finished dev [unoptimized + debuginfo] target(s) in 5.75s
Dec 03 18:40:08.661 INFO [stderr] su: No module specific data is present
Dec 03 18:40:09.430 INFO running `"docker" "inspect" "be01eeac3397d671a4cf3076d0de9ba6007ffc401c8303910a76ec3d3894021c"`
Dec 03 18:40:09.707 INFO running `"docker" "rm" "-f" "be01eeac3397d671a4cf3076d0de9ba6007ffc401c8303910a76ec3d3894021c"`
Dec 03 18:40:10.031 INFO [stdout] be01eeac3397d671a4cf3076d0de9ba6007ffc401c8303910a76ec3d3894021c
Dec 03 18:40:10.039 INFO running `"docker" "create" "-v" "/mnt/big/crater/work/local/target-dirs/beta-1.31-5/worker-5/master#8940af3cea4a9a9deabcaf843b2f8cad9a83fc61:/target:rw,Z" "-v" "/mnt/big/crater/work/local/test-source/worker-5/beta-1.31-5/master#8940af3cea4a9a9deabcaf843b2f8cad9a83fc61:/source:ro,Z" "-v" "/mnt/big/crater/work/local/cargo-home:/cargo-home:ro,Z" "-v" "/mnt/big/crater/work/local/rustup-home:/rustup-home:ro,Z" "-e" "USER_ID=1000" "-e" "SOURCE_DIR=/source" "-e" "USER_ID=1000" "-e" "CMD=cargo +8940af3cea4a9a9deabcaf843b2f8cad9a83fc61-alt test --frozen" "-e" "CARGO_TARGET_DIR=/target" "-e" "CARGO_INCREMENTAL=0" "-e" "RUST_BACKTRACE=full" "-e" "RUSTFLAGS=--cap-lints=warn" "-e" "CARGO_HOME=/cargo-home" "-e" "RUSTUP_HOME=/rustup-home" "-m" "1536M" "--network" "none" "crater"`
Dec 03 18:40:10.539 INFO [stdout] 6172dac9071f6e3a9c9ca1347a686af05db7b1e9b8d4937a64321f60393f6d07
Dec 03 18:40:10.541 INFO running `"docker" "start" "-a" "6172dac9071f6e3a9c9ca1347a686af05db7b1e9b8d4937a64321f60393f6d07"`
Dec 03 18:40:11.734 INFO [stderr] usermod: no changes
Dec 03 18:40:11.811 INFO [stderr]     Finished dev [unoptimized + debuginfo] target(s) in 0.03s
Dec 03 18:40:11.819 INFO [stderr]      Running /target/debug/deps/base64_stream-c2b1c2bdc80e6169
Dec 03 18:40:11.822 INFO [stdout] 
Dec 03 18:40:11.822 INFO [stdout] running 0 tests
Dec 03 18:40:11.822 INFO [stdout] 
Dec 03 18:40:11.822 INFO [stdout] test result: ok. 0 passed; 0 failed; 0 ignored; 0 measured; 0 filtered out
Dec 03 18:40:11.822 INFO [stdout] 
Dec 03 18:40:11.823 INFO [stderr]      Running /target/debug/deps/from_base64_reader-9c33ab6e9a6504bf
Dec 03 18:40:11.831 INFO [stdout] 
Dec 03 18:40:11.831 INFO [stdout] running 3 tests
Dec 03 18:40:11.839 INFO [stdout] test decode_to_end ... ok
Dec 03 18:40:11.839 INFO [stdout] test decode_to_string ... ok
Dec 03 18:40:11.839 INFO [stdout] test decode_reader ... ok
Dec 03 18:40:11.839 INFO [stdout] 
Dec 03 18:40:11.839 INFO [stdout] test result: ok. 3 passed; 0 failed; 0 ignored; 0 measured; 0 filtered out
Dec 03 18:40:11.839 INFO [stdout] 
Dec 03 18:40:11.843 INFO [stderr]      Running /target/debug/deps/from_base64_writer-8834fb76c08086d0
Dec 03 18:40:11.847 INFO [stdout] 
Dec 03 18:40:11.847 INFO [stdout] running 1 test
Dec 03 18:40:11.879 INFO [stdout] test decode_write ... FAILED
Dec 03 18:40:11.879 INFO [stdout] 
Dec 03 18:40:11.879 INFO [stdout] failures:
Dec 03 18:40:11.879 INFO [stdout] 
Dec 03 18:40:11.879 INFO [stdout] ---- decode_write stdout ----
Dec 03 18:40:11.879 INFO [stdout] thread 'decode_write' panicked at 'called `Result::unwrap()` on an `Err` value: Os { code: 2, kind: NotFound, message: "No such file or directory" }', libcore/result.rs:1009:5
Dec 03 18:40:11.879 INFO [stdout] stack backtrace:
Dec 03 18:40:11.879 INFO [stdout]    0:     0x557fe9299faf - std::sys::unix::backtrace::tracing::imp::unwind_backtrace::h3a8b83e1922cbdde
Dec 03 18:40:11.879 INFO [stdout]                                at libstd/sys/unix/backtrace/tracing/gcc_s.rs:49
Dec 03 18:40:11.879 INFO [stdout]    1:     0x557fe92a2ff7 - std::sys_common::backtrace::print::h00d3155a29b4020f
Dec 03 18:40:11.879 INFO [stdout]                                at libstd/sys_common/backtrace.rs:71
Dec 03 18:40:11.879 INFO [stdout]                                at libstd/sys_common/backtrace.rs:59
Dec 03 18:40:11.879 INFO [stdout]    2:     0x557fe929dcdf - std::panicking::default_hook::{{closure}}::hd7465c742e79e1bb
Dec 03 18:40:11.879 INFO [stdout]                                at libstd/panicking.rs:211
Dec 03 18:40:11.879 INFO [stdout]    3:     0x557fe929d9de - std::panicking::default_hook::h9e3966f2aa2a6e12
Dec 03 18:40:11.879 INFO [stdout]                                at libstd/panicking.rs:221
Dec 03 18:40:11.879 INFO [stdout]    4:     0x557fe929e3be - std::panicking::rust_panic_with_hook::h587f091ae747d080
Dec 03 18:40:11.879 INFO [stdout]                                at libstd/panicking.rs:476
Dec 03 18:40:11.879 INFO [stdout]    5:     0x557fe929df61 - std::panicking::continue_panic_fmt::hb3a4fdede87f43a8
Dec 03 18:40:11.879 INFO [stdout]                                at libstd/panicking.rs:390
Dec 03 18:40:11.879 INFO [stdout]    6:     0x557fe929de45 - rust_begin_unwind
Dec 03 18:40:11.879 INFO [stdout]                                at libstd/panicking.rs:325
Dec 03 18:40:11.879 INFO [stdout]    7:     0x557fe92ddfac - core::panicking::panic_fmt::h6f9cebf5e7474a0b
Dec 03 18:40:11.879 INFO [stdout]                                at libcore/panicking.rs:77
Dec 03 18:40:11.879 INFO [stdout]    8:     0x557fe9243b4b - core::result::unwrap_failed::h752e80a26791b75c
Dec 03 18:40:11.879 INFO [stdout]                                at libcore/macros.rs:26
Dec 03 18:40:11.879 INFO [stdout]    9:     0x557fe9242f7b - <core::result::Result<T, E>>::unwrap::h49557eeb2df6ad81
Dec 03 18:40:11.879 INFO [stdout]                                at libcore/result.rs:808
Dec 03 18:40:11.879 INFO [stdout]   10:     0x557fe92460e7 - from_base64_writer::decode_write::h0a4b6d08b930d606
Dec 03 18:40:11.879 INFO [stdout]                                at tests/from_base64_writer.rs:19
Dec 03 18:40:11.879 INFO [stdout]   11:     0x557fe9246079 - from_base64_writer::decode_write::{{closure}}::h485650581b739580
Dec 03 18:40:11.879 INFO [stdout]                                at tests/from_base64_writer.rs:16
Dec 03 18:40:11.879 INFO [stdout]   12:     0x557fe92422ad - core::ops::function::FnOnce::call_once::h493728791a795475
Dec 03 18:40:11.879 INFO [stdout]                                at libcore/ops/function.rs:238
Dec 03 18:40:11.879 INFO [stdout]   13:     0x557fe924925e - <F as alloc::boxed::FnBox<A>>::call_box::hac903f91577a156c
Dec 03 18:40:11.879 INFO [stdout]                                at libtest/lib.rs:1468
Dec 03 18:40:11.879 INFO [stdout]                                at libcore/ops/function.rs:238
Dec 03 18:40:11.879 INFO [stdout]                                at liballoc/boxed.rs:672
Dec 03 18:40:11.879 INFO [stdout]   14:     0x557fe92adfa9 - __rust_maybe_catch_panic
Dec 03 18:40:11.879 INFO [stdout]                                at libpanic_unwind/lib.rs:102
Dec 03 18:40:11.879 INFO [stdout]   15:     0x557fe926aeb2 - std::sys_common::backtrace::__rust_begin_short_backtrace::hb8f0d0309526c184
Dec 03 18:40:11.879 INFO [stdout]                                at libstd/panicking.rs:289
Dec 03 18:40:11.879 INFO [stdout]                                at libstd/panic.rs:392
Dec 03 18:40:11.879 INFO [stdout]                                at libtest/lib.rs:1423
Dec 03 18:40:11.879 INFO [stdout]                                at libstd/sys_common/backtrace.rs:136
Dec 03 18:40:11.879 INFO [stdout]   16:     0x557fe926b964 - std::panicking::try::do_call::hc2f7c8b9a348d8db
Dec 03 18:40:11.879 INFO [stdout]                                at libstd/thread/mod.rs:409
Dec 03 18:40:11.879 INFO [stdout]                                at libstd/panic.rs:313
Dec 03 18:40:11.879 INFO [stdout]                                at libstd/panicking.rs:310
Dec 03 18:40:11.879 INFO [stdout]   17:     0x557fe92adfa9 - __rust_maybe_catch_panic
Dec 03 18:40:11.879 INFO [stdout]                                at libpanic_unwind/lib.rs:102
Dec 03 18:40:11.879 INFO [stdout]   18:     0x557fe9258b9c - <F as alloc::boxed::FnBox<A>>::call_box::h6bfded618e480b32
Dec 03 18:40:11.879 INFO [stdout]                                at libstd/panicking.rs:289
Dec 03 18:40:11.879 INFO [stdout]                                at libstd/panic.rs:392
Dec 03 18:40:11.879 INFO [stdout]                                at libstd/thread/mod.rs:408
Dec 03 18:40:11.879 INFO [stdout]                                at liballoc/boxed.rs:672
Dec 03 18:40:11.879 INFO [stdout]   19:     0x557fe929bbcd - std::sys_common::thread::start_thread::h4c28257d67cdf9cb
Dec 03 18:40:11.879 INFO [stdout]                                at liballoc/boxed.rs:682
Dec 03 18:40:11.879 INFO [stdout]                                at libstd/sys_common/thread.rs:24
Dec 03 18:40:11.879 INFO [stdout]   20:     0x557fe9291065 - std::sys::unix::thread::Thread::new::thread_start::hfecb2e7eff8fd34f
Dec 03 18:40:11.879 INFO [stdout]                                at libstd/sys/unix/thread.rs:90
Dec 03 18:40:11.879 INFO [stdout]   21:     0x7f02e4e506b9 - start_thread
Dec 03 18:40:11.879 INFO [stdout]   22:     0x7f02e497041c - clone
Dec 03 18:40:11.879 INFO [stdout]   23:                0x0 - <unknown>
Dec 03 18:40:11.879 INFO [stdout] 
Dec 03 18:40:11.879 INFO [stdout] 
Dec 03 18:40:11.879 INFO [stdout] failures:
Dec 03 18:40:11.879 INFO [stdout]     decode_write
Dec 03 18:40:11.879 INFO [stdout] 
Dec 03 18:40:11.879 INFO [stdout] test result: FAILED. 0 passed; 1 failed; 0 ignored; 0 measured; 0 filtered out
Dec 03 18:40:11.879 INFO [stdout] 
Dec 03 18:40:11.891 INFO [stderr] error: test failed, to rerun pass '--test from_base64_writer'
Dec 03 18:40:11.891 INFO [stderr] su: No module specific data is present
Dec 03 18:40:12.428 INFO running `"docker" "inspect" "6172dac9071f6e3a9c9ca1347a686af05db7b1e9b8d4937a64321f60393f6d07"`
Dec 03 18:40:12.727 INFO running `"docker" "rm" "-f" "6172dac9071f6e3a9c9ca1347a686af05db7b1e9b8d4937a64321f60393f6d07"`
Dec 03 18:40:12.983 INFO [stdout] 6172dac9071f6e3a9c9ca1347a686af05db7b1e9b8d4937a64321f60393f6d07
